{"id":284,"date":"2025-06-25T14:48:27","date_gmt":"2025-06-25T14:48:27","guid":{"rendered":"https:\/\/chokdee-eckartsweier.de\/?page_id=284"},"modified":"2025-06-25T15:12:49","modified_gmt":"2025-06-25T15:12:49","slug":"seama","status":"publish","type":"page","link":"https:\/\/chokdee-eckartsweier.de\/?page_id=284","title":{"rendered":"SEAMA"},"content":{"rendered":"<div class=\"fusion-fullwidth fullwidth-box nonhundred-percent-fullwidth non-hundred-percent-height-scrolling\"  style='background-color: rgba(255,255,255,0);background-position: center center;background-repeat: no-repeat;padding-top:0px;padding-right:0px;padding-bottom:0px;padding-left:0px;'><div class=\"fusion-builder-row fusion-row \"><div  class=\"fusion-layout-column fusion_builder_column fusion_builder_column_1_1 fusion-builder-column-1 fusion-one-full fusion-column-first fusion-column-last 1_1\"  style='margin-top:0px;margin-bottom:0px;'>\n\t\t\t\t\t<div class=\"fusion-column-wrapper\" style=\"padding: 0px 0px 0px 0px;background-position:left top;background-repeat:no-repeat;-webkit-background-size:cover;-moz-background-size:cover;-o-background-size:cover;background-size:cover;\"   data-bg-url=\"\">\n\t\t\t\t\t\t<div class=\"fusion-text\"><h2><strong>SEAMA \u2013 S\u00fcdostasiatische Kampfk\u00fcnste<\/strong><\/h2>\n<p>SEAMA (South East Asia Martial Arts) steht f\u00fcr die Bewahrung, Weiterentwicklung und Vermittlung traditioneller Kampfk\u00fcnste S\u00fcdostasiens. Dazu z\u00e4hlen das philippinische Kali\/Escrima \u2013 waffenbasierte Systeme mit Impact-Waffen (St\u00f6cke), Klingenwaffen (Messer) und flexiblen Waffen (z.\u202fB. Sarong) \u2013 sowie Panantukan (Filipino Dirty Boxing), das thail\u00e4ndische Muay Thai und das indonesische Pentjak Silat. Erg\u00e4nzt wird das System durch grundlegende Inhalte aus dem japanischen Jiu-Jitsu und Bruce Lees Jeet Kune Do. SEAMA vermittelt nicht nur effektive Selbstverteidigung, sondern auch Werte wie Disziplin, Respekt und pers\u00f6nliche Weiterentwicklung \u2013 stets im Einklang mit der kulturellen und philosophischen Tiefe der jeweiligen Kampfkunst.<\/p>\n<\/div><style type=\"text\/css\">.fusion-gallery-1 .fusion-gallery-image {border:0px solid #f6f6f6;}<\/style><div class=\"fusion-gallery fusion-gallery-container fusion-grid-3 fusion-columns-total-0 fusion-gallery-layout-grid fusion-gallery-1\" style=\"margin:-5px;\"><div style=\"padding:5px;\" class=\"fusion-grid-column fusion-gallery-column fusion-gallery-column-3 hover-type-none\"><div class=\"fusion-gallery-image\"><a href=\"https:\/\/chokdee-eckartsweier.de\/wp-content\/uploads\/2025\/06\/seama_gruppenfoto.jpg\" rel=\"noreferrer\" data-rel=\"iLightbox[gallery_image_1]\" class=\"fusion-lightbox\" target=\"_self\"><img loading=\"lazy\" src=\"https:\/\/chokdee-eckartsweier.de\/wp-content\/uploads\/2025\/06\/seama_gruppenfoto.jpg\" width=\"1391\" height=\"874\" alt=\"seama_gruppenfoto\" title=\"seama_gruppenfoto\" aria-label=\"seama_gruppenfoto\" class=\"img-responsive wp-image-288\" srcset=\"https:\/\/chokdee-eckartsweier.de\/wp-content\/uploads\/2025\/06\/seama_gruppenfoto-200x126.jpg 200w, https:\/\/chokdee-eckartsweier.de\/wp-content\/uploads\/2025\/06\/seama_gruppenfoto-400x251.jpg 400w, https:\/\/chokdee-eckartsweier.de\/wp-content\/uploads\/2025\/06\/seama_gruppenfoto-600x377.jpg 600w, https:\/\/chokdee-eckartsweier.de\/wp-content\/uploads\/2025\/06\/seama_gruppenfoto-800x503.jpg 800w, https:\/\/chokdee-eckartsweier.de\/wp-content\/uploads\/2025\/06\/seama_gruppenfoto-1200x754.jpg 1200w, https:\/\/chokdee-eckartsweier.de\/wp-content\/uploads\/2025\/06\/seama_gruppenfoto.jpg 1391w\" sizes=\"(min-width: 2200px) 100vw, (min-width: 784px) 363px, (min-width: 712px) 545px, (min-width: 640px) 712px, \" \/><\/a><\/div><\/div><div style=\"padding:5px;\" class=\"fusion-grid-column fusion-gallery-column fusion-gallery-column-3 hover-type-none\"><div class=\"fusion-gallery-image\"><a href=\"https:\/\/chokdee-eckartsweier.de\/wp-content\/uploads\/2025\/06\/seama-lehrgang.jpg\" rel=\"noreferrer\" data-rel=\"iLightbox[gallery_image_1]\" class=\"fusion-lightbox\" target=\"_self\"><img loading=\"lazy\" src=\"https:\/\/chokdee-eckartsweier.de\/wp-content\/uploads\/2025\/06\/seama-lehrgang.jpg\" width=\"1200\" height=\"1600\" alt=\"seama-lehrgang\" title=\"seama-lehrgang\" aria-label=\"seama-lehrgang\" class=\"img-responsive wp-image-292\" srcset=\"https:\/\/chokdee-eckartsweier.de\/wp-content\/uploads\/2025\/06\/seama-lehrgang-200x267.jpg 200w, https:\/\/chokdee-eckartsweier.de\/wp-content\/uploads\/2025\/06\/seama-lehrgang-400x533.jpg 400w, https:\/\/chokdee-eckartsweier.de\/wp-content\/uploads\/2025\/06\/seama-lehrgang-600x800.jpg 600w, https:\/\/chokdee-eckartsweier.de\/wp-content\/uploads\/2025\/06\/seama-lehrgang-800x1067.jpg 800w, https:\/\/chokdee-eckartsweier.de\/wp-content\/uploads\/2025\/06\/seama-lehrgang.jpg 1200w\" sizes=\"(min-width: 2200px) 100vw, (min-width: 784px) 363px, (min-width: 712px) 545px, (min-width: 640px) 712px, \" \/><\/a><\/div><\/div><div style=\"padding:5px;\" class=\"fusion-grid-column fusion-gallery-column fusion-gallery-column-3 hover-type-none\"><div class=\"fusion-gallery-image\"><a href=\"https:\/\/chokdee-eckartsweier.de\/wp-content\/uploads\/2025\/06\/seama-training.jpg\" rel=\"noreferrer\" data-rel=\"iLightbox[gallery_image_1]\" class=\"fusion-lightbox\" target=\"_self\"><img loading=\"lazy\" src=\"https:\/\/chokdee-eckartsweier.de\/wp-content\/uploads\/2025\/06\/seama-training.jpg\" width=\"1600\" height=\"1200\" alt=\"seama-training\" title=\"seama-training\" aria-label=\"seama-training\" class=\"img-responsive wp-image-293\" srcset=\"https:\/\/chokdee-eckartsweier.de\/wp-content\/uploads\/2025\/06\/seama-training-200x150.jpg 200w, https:\/\/chokdee-eckartsweier.de\/wp-content\/uploads\/2025\/06\/seama-training-400x300.jpg 400w, https:\/\/chokdee-eckartsweier.de\/wp-content\/uploads\/2025\/06\/seama-training-600x450.jpg 600w, https:\/\/chokdee-eckartsweier.de\/wp-content\/uploads\/2025\/06\/seama-training-800x600.jpg 800w, https:\/\/chokdee-eckartsweier.de\/wp-content\/uploads\/2025\/06\/seama-training-1200x900.jpg 1200w, https:\/\/chokdee-eckartsweier.de\/wp-content\/uploads\/2025\/06\/seama-training.jpg 1600w\" sizes=\"(min-width: 2200px) 100vw, (min-width: 784px) 363px, (min-width: 712px) 545px, (min-width: 640px) 712px, \" \/><\/a><\/div><\/div><div class=\"clearfix\"><\/div><div style=\"padding:5px;\" class=\"fusion-grid-column fusion-gallery-column fusion-gallery-column-3 hover-type-none\"><div class=\"fusion-gallery-image\"><a href=\"https:\/\/chokdee-eckartsweier.de\/wp-content\/uploads\/2025\/06\/seama-waffen.jpg\" rel=\"noreferrer\" data-rel=\"iLightbox[gallery_image_1]\" class=\"fusion-lightbox\" target=\"_self\"><img loading=\"lazy\" src=\"https:\/\/chokdee-eckartsweier.de\/wp-content\/uploads\/2025\/06\/seama-waffen.jpg\" width=\"1200\" height=\"1600\" alt=\"seama-waffen\" title=\"seama-waffen\" aria-label=\"seama-waffen\" class=\"img-responsive wp-image-294\" srcset=\"https:\/\/chokdee-eckartsweier.de\/wp-content\/uploads\/2025\/06\/seama-waffen-200x267.jpg 200w, https:\/\/chokdee-eckartsweier.de\/wp-content\/uploads\/2025\/06\/seama-waffen-400x533.jpg 400w, https:\/\/chokdee-eckartsweier.de\/wp-content\/uploads\/2025\/06\/seama-waffen-600x800.jpg 600w, https:\/\/chokdee-eckartsweier.de\/wp-content\/uploads\/2025\/06\/seama-waffen-800x1067.jpg 800w, https:\/\/chokdee-eckartsweier.de\/wp-content\/uploads\/2025\/06\/seama-waffen.jpg 1200w\" sizes=\"(min-width: 2200px) 100vw, (min-width: 784px) 363px, (min-width: 712px) 545px, (min-width: 640px) 712px, \" \/><\/a><\/div><\/div><div style=\"padding:5px;\" class=\"fusion-grid-column fusion-gallery-column fusion-gallery-column-3 hover-type-none\"><div class=\"fusion-gallery-image\"><a href=\"https:\/\/chokdee-eckartsweier.de\/wp-content\/uploads\/2025\/06\/seama-kampfkunst.jpg\" rel=\"noreferrer\" data-rel=\"iLightbox[gallery_image_1]\" class=\"fusion-lightbox\" target=\"_self\"><img loading=\"lazy\" src=\"https:\/\/chokdee-eckartsweier.de\/wp-content\/uploads\/2025\/06\/seama-kampfkunst.jpg\" width=\"1200\" height=\"1600\" alt=\"seama-kampfkunst\" title=\"seama-kampfkunst\" aria-label=\"seama-kampfkunst\" class=\"img-responsive wp-image-291\" srcset=\"https:\/\/chokdee-eckartsweier.de\/wp-content\/uploads\/2025\/06\/seama-kampfkunst-200x267.jpg 200w, https:\/\/chokdee-eckartsweier.de\/wp-content\/uploads\/2025\/06\/seama-kampfkunst-400x533.jpg 400w, https:\/\/chokdee-eckartsweier.de\/wp-content\/uploads\/2025\/06\/seama-kampfkunst-600x800.jpg 600w, https:\/\/chokdee-eckartsweier.de\/wp-content\/uploads\/2025\/06\/seama-kampfkunst-800x1067.jpg 800w, https:\/\/chokdee-eckartsweier.de\/wp-content\/uploads\/2025\/06\/seama-kampfkunst.jpg 1200w\" sizes=\"(min-width: 2200px) 100vw, (min-width: 784px) 363px, (min-width: 712px) 545px, (min-width: 640px) 712px, \" \/><\/a><\/div><\/div><\/div><div class=\"fusion-clearfix\"><\/div>\n\n\t\t\t\t\t<\/div>\n\t\t\t\t<\/div><\/div><\/div>\n","protected":false},"excerpt":{"rendered":"","protected":false},"author":1,"featured_media":0,"parent":0,"menu_order":0,"comment_status":"closed","ping_status":"closed","template":"","meta":[],"yoast_head":"<!-- This site is optimized with the Yoast SEO plugin v19.7.2 - https:\/\/yoast.com\/wordpress\/plugins\/seo\/ -->\n<title>SEAMA - Chok Dee Eckartsweier<\/title>\n<meta name=\"description\" content=\"SEAMA vermittelt nicht nur effektive Selbstverteidigung, sondern auch Werte wie Disziplin, Respekt und pers\u00f6nliche Weiterentwicklung \u2013 stets im Einklang mit der kulturellen und philosophischen Tiefe der jeweiligen Kampfkunst.\" \/>\n<meta name=\"robots\" content=\"index, follow, max-snippet:-1, max-image-preview:large, max-video-preview:-1\" \/>\n<link rel=\"canonical\" href=\"https:\/\/chokdee-eckartsweier.de\/?page_id=284\" \/>\n<meta property=\"og:locale\" content=\"de_DE\" \/>\n<meta property=\"og:type\" content=\"article\" \/>\n<meta property=\"og:title\" content=\"SEAMA - Chok Dee Eckartsweier\" \/>\n<meta property=\"og:description\" content=\"SEAMA vermittelt nicht nur effektive Selbstverteidigung, sondern auch Werte wie Disziplin, Respekt und pers\u00f6nliche Weiterentwicklung \u2013 stets im Einklang mit der kulturellen und philosophischen Tiefe der jeweiligen Kampfkunst.\" \/>\n<meta property=\"og:url\" content=\"https:\/\/chokdee-eckartsweier.de\/?page_id=284\" \/>\n<meta property=\"og:site_name\" content=\"Chok Dee Eckartsweier\" \/>\n<meta property=\"article:publisher\" content=\"https:\/\/www.facebook.com\/chokdee.eckartsweier\/\" \/>\n<meta property=\"article:modified_time\" content=\"2025-06-25T15:12:49+00:00\" \/>\n<meta name=\"twitter:card\" content=\"summary_large_image\" \/>\n<meta name=\"twitter:label1\" content=\"Gesch\u00e4tzte Lesezeit\" \/>\n\t<meta name=\"twitter:data1\" content=\"1\u00a0Minute\" \/>\n<script type=\"application\/ld+json\" class=\"yoast-schema-graph\">{\"@context\":\"https:\/\/schema.org\",\"@graph\":[{\"@type\":\"WebPage\",\"@id\":\"https:\/\/chokdee-eckartsweier.de\/?page_id=284\",\"url\":\"https:\/\/chokdee-eckartsweier.de\/?page_id=284\",\"name\":\"SEAMA - Chok Dee Eckartsweier\",\"isPartOf\":{\"@id\":\"https:\/\/chokdee-eckartsweier.de\/#website\"},\"datePublished\":\"2025-06-25T14:48:27+00:00\",\"dateModified\":\"2025-06-25T15:12:49+00:00\",\"description\":\"SEAMA vermittelt nicht nur effektive Selbstverteidigung, sondern auch Werte wie Disziplin, Respekt und pers\u00f6nliche Weiterentwicklung \u2013 stets im Einklang mit der kulturellen und philosophischen Tiefe der jeweiligen Kampfkunst.\",\"breadcrumb\":{\"@id\":\"https:\/\/chokdee-eckartsweier.de\/?page_id=284#breadcrumb\"},\"inLanguage\":\"de\",\"potentialAction\":[{\"@type\":\"ReadAction\",\"target\":[\"https:\/\/chokdee-eckartsweier.de\/?page_id=284\"]}]},{\"@type\":\"BreadcrumbList\",\"@id\":\"https:\/\/chokdee-eckartsweier.de\/?page_id=284#breadcrumb\",\"itemListElement\":[{\"@type\":\"ListItem\",\"position\":1,\"name\":\"Startseite\",\"item\":\"https:\/\/chokdee-eckartsweier.de\/\"},{\"@type\":\"ListItem\",\"position\":2,\"name\":\"SEAMA\"}]},{\"@type\":\"WebSite\",\"@id\":\"https:\/\/chokdee-eckartsweier.de\/#website\",\"url\":\"https:\/\/chokdee-eckartsweier.de\/\",\"name\":\"Chok Dee Eckartsweier\",\"description\":\"Kampfsport, Fitness, Ern\u00e4hrung, Selbstverteidigung\",\"publisher\":{\"@id\":\"https:\/\/chokdee-eckartsweier.de\/#organization\"},\"potentialAction\":[{\"@type\":\"SearchAction\",\"target\":{\"@type\":\"EntryPoint\",\"urlTemplate\":\"https:\/\/chokdee-eckartsweier.de\/?s={search_term_string}\"},\"query-input\":\"required name=search_term_string\"}],\"inLanguage\":\"de\"},{\"@type\":\"Organization\",\"@id\":\"https:\/\/chokdee-eckartsweier.de\/#organization\",\"name\":\"Chok Dee Eckartsweier e.V.\",\"url\":\"https:\/\/chokdee-eckartsweier.de\/\",\"sameAs\":[\"https:\/\/www.instagram.com\/chokdee_eckartsweier\/\",\"https:\/\/www.facebook.com\/chokdee.eckartsweier\/\"],\"logo\":{\"@type\":\"ImageObject\",\"inLanguage\":\"de\",\"@id\":\"https:\/\/chokdee-eckartsweier.de\/#\/schema\/logo\/image\/\",\"url\":\"https:\/\/chokdee-eckartsweier.de\/wp-content\/uploads\/2019\/09\/chok-dee-logo_kl.jpg\",\"contentUrl\":\"https:\/\/chokdee-eckartsweier.de\/wp-content\/uploads\/2019\/09\/chok-dee-logo_kl.jpg\",\"width\":169,\"height\":166,\"caption\":\"Chok Dee Eckartsweier e.V.\"},\"image\":{\"@id\":\"https:\/\/chokdee-eckartsweier.de\/#\/schema\/logo\/image\/\"}}]}<\/script>\n<!-- \/ Yoast SEO plugin. -->","yoast_head_json":{"title":"SEAMA - Chok Dee Eckartsweier","description":"SEAMA vermittelt nicht nur effektive Selbstverteidigung, sondern auch Werte wie Disziplin, Respekt und pers\u00f6nliche Weiterentwicklung \u2013 stets im Einklang mit der kulturellen und philosophischen Tiefe der jeweiligen Kampfkunst.","robots":{"index":"index","follow":"follow","max-snippet":"max-snippet:-1","max-image-preview":"max-image-preview:large","max-video-preview":"max-video-preview:-1"},"canonical":"https:\/\/chokdee-eckartsweier.de\/?page_id=284","og_locale":"de_DE","og_type":"article","og_title":"SEAMA - Chok Dee Eckartsweier","og_description":"SEAMA vermittelt nicht nur effektive Selbstverteidigung, sondern auch Werte wie Disziplin, Respekt und pers\u00f6nliche Weiterentwicklung \u2013 stets im Einklang mit der kulturellen und philosophischen Tiefe der jeweiligen Kampfkunst.","og_url":"https:\/\/chokdee-eckartsweier.de\/?page_id=284","og_site_name":"Chok Dee Eckartsweier","article_publisher":"https:\/\/www.facebook.com\/chokdee.eckartsweier\/","article_modified_time":"2025-06-25T15:12:49+00:00","twitter_card":"summary_large_image","twitter_misc":{"Gesch\u00e4tzte Lesezeit":"1\u00a0Minute"},"schema":{"@context":"https:\/\/schema.org","@graph":[{"@type":"WebPage","@id":"https:\/\/chokdee-eckartsweier.de\/?page_id=284","url":"https:\/\/chokdee-eckartsweier.de\/?page_id=284","name":"SEAMA - Chok Dee Eckartsweier","isPartOf":{"@id":"https:\/\/chokdee-eckartsweier.de\/#website"},"datePublished":"2025-06-25T14:48:27+00:00","dateModified":"2025-06-25T15:12:49+00:00","description":"SEAMA vermittelt nicht nur effektive Selbstverteidigung, sondern auch Werte wie Disziplin, Respekt und pers\u00f6nliche Weiterentwicklung \u2013 stets im Einklang mit der kulturellen und philosophischen Tiefe der jeweiligen Kampfkunst.","breadcrumb":{"@id":"https:\/\/chokdee-eckartsweier.de\/?page_id=284#breadcrumb"},"inLanguage":"de","potentialAction":[{"@type":"ReadAction","target":["https:\/\/chokdee-eckartsweier.de\/?page_id=284"]}]},{"@type":"BreadcrumbList","@id":"https:\/\/chokdee-eckartsweier.de\/?page_id=284#breadcrumb","itemListElement":[{"@type":"ListItem","position":1,"name":"Startseite","item":"https:\/\/chokdee-eckartsweier.de\/"},{"@type":"ListItem","position":2,"name":"SEAMA"}]},{"@type":"WebSite","@id":"https:\/\/chokdee-eckartsweier.de\/#website","url":"https:\/\/chokdee-eckartsweier.de\/","name":"Chok Dee Eckartsweier","description":"Kampfsport, Fitness, Ern\u00e4hrung, Selbstverteidigung","publisher":{"@id":"https:\/\/chokdee-eckartsweier.de\/#organization"},"potentialAction":[{"@type":"SearchAction","target":{"@type":"EntryPoint","urlTemplate":"https:\/\/chokdee-eckartsweier.de\/?s={search_term_string}"},"query-input":"required name=search_term_string"}],"inLanguage":"de"},{"@type":"Organization","@id":"https:\/\/chokdee-eckartsweier.de\/#organization","name":"Chok Dee Eckartsweier e.V.","url":"https:\/\/chokdee-eckartsweier.de\/","sameAs":["https:\/\/www.instagram.com\/chokdee_eckartsweier\/","https:\/\/www.facebook.com\/chokdee.eckartsweier\/"],"logo":{"@type":"ImageObject","inLanguage":"de","@id":"https:\/\/chokdee-eckartsweier.de\/#\/schema\/logo\/image\/","url":"https:\/\/chokdee-eckartsweier.de\/wp-content\/uploads\/2019\/09\/chok-dee-logo_kl.jpg","contentUrl":"https:\/\/chokdee-eckartsweier.de\/wp-content\/uploads\/2019\/09\/chok-dee-logo_kl.jpg","width":169,"height":166,"caption":"Chok Dee Eckartsweier e.V."},"image":{"@id":"https:\/\/chokdee-eckartsweier.de\/#\/schema\/logo\/image\/"}}]}},"_links":{"self":[{"href":"https:\/\/chokdee-eckartsweier.de\/index.php?rest_route=\/wp\/v2\/pages\/284"}],"collection":[{"href":"https:\/\/chokdee-eckartsweier.de\/index.php?rest_route=\/wp\/v2\/pages"}],"about":[{"href":"https:\/\/chokdee-eckartsweier.de\/index.php?rest_route=\/wp\/v2\/types\/page"}],"author":[{"embeddable":true,"href":"https:\/\/chokdee-eckartsweier.de\/index.php?rest_route=\/wp\/v2\/users\/1"}],"replies":[{"embeddable":true,"href":"https:\/\/chokdee-eckartsweier.de\/index.php?rest_route=%2Fwp%2Fv2%2Fcomments&post=284"}],"version-history":[{"count":5,"href":"https:\/\/chokdee-eckartsweier.de\/index.php?rest_route=\/wp\/v2\/pages\/284\/revisions"}],"predecessor-version":[{"id":296,"href":"https:\/\/chokdee-eckartsweier.de\/index.php?rest_route=\/wp\/v2\/pages\/284\/revisions\/296"}],"wp:attachment":[{"href":"https:\/\/chokdee-eckartsweier.de\/index.php?rest_route=%2Fwp%2Fv2%2Fmedia&parent=284"}],"curies":[{"name":"wp","href":"https:\/\/api.w.org\/{rel}","templated":true}]}}